{"id":24,"date":"2016-02-12T08:13:06","date_gmt":"2016-02-12T08:13:06","guid":{"rendered":"http:\/\/demos.famethemes.com\/onepress\/?page_id=24"},"modified":"2024-06-24T01:21:57","modified_gmt":"2024-06-24T01:21:57","slug":"service-title-2","status":"publish","type":"page","link":"https:\/\/hazlosoftware.com\/?page_id=24","title":{"rendered":"Soporte en Inform\u00e1tica V\u00eda Remota"},"content":{"rendered":"<h4>Apoyo v\u00eda remota en la administraci\u00f3n del software como: sistemas operativos, copias de respaldo, configuraci\u00f3n de redes, configuraci\u00f3n de perif\u00e9ricos y apoyo en el uso de aplicaciones ofim\u00e1ticas.<\/h4>\n","protected":false},"excerpt":{"rendered":"<p><b> Apoyo v\u00eda remota en la administraci\u00f3n del software como: sistemas operativos, copias de respaldo, configuraci\u00f3n de redes, configuraci\u00f3n de perif\u00e9ricos y apoyo en el uso de aplicaciones ofim\u00e1ticas. <\/b><\/p>\n","protected":false},"author":2,"featured_media":1530,"parent":0,"menu_order":0,"comment_status":"closed","ping_status":"closed","template":"","meta":{"footnotes":""},"class_list":["post-24","page","type-page","status-publish","has-post-thumbnail","hentry"],"_links":{"self":[{"href":"https:\/\/hazlosoftware.com\/index.php?rest_route=\/wp\/v2\/pages\/24","targetHints":{"allow":["GET"]}}],"collection":[{"href":"https:\/\/hazlosoftware.com\/index.php?rest_route=\/wp\/v2\/pages"}],"about":[{"href":"https:\/\/hazlosoftware.com\/index.php?rest_route=\/wp\/v2\/types\/page"}],"author":[{"embeddable":true,"href":"https:\/\/hazlosoftware.com\/index.php?rest_route=\/wp\/v2\/users\/2"}],"replies":[{"embeddable":true,"href":"https:\/\/hazlosoftware.com\/index.php?rest_route=%2Fwp%2Fv2%2Fcomments&post=24"}],"version-history":[{"count":5,"href":"https:\/\/hazlosoftware.com\/index.php?rest_route=\/wp\/v2\/pages\/24\/revisions"}],"predecessor-version":[{"id":1565,"href":"https:\/\/hazlosoftware.com\/index.php?rest_route=\/wp\/v2\/pages\/24\/revisions\/1565"}],"wp:featuredmedia":[{"embeddable":true,"href":"https:\/\/hazlosoftware.com\/index.php?rest_route=\/wp\/v2\/media\/1530"}],"wp:attachment":[{"href":"https:\/\/hazlosoftware.com\/index.php?rest_route=%2Fwp%2Fv2%2Fmedia&parent=24"}],"curies":[{"name":"wp","href":"https:\/\/api.w.org\/{rel}","templated":true}]}}